= -3*c + 6 - 0. Suppose -h - 4 = -5*k - c, -h + k + 6 = 0. List the prime factors of h.
2
Let t(d) = -d**3 + 2*d. Let a be t(2). Let x(f) = -f**3 - 3*f**2 + 3. List the prime factors of x(a).
19
Let b = 1 + -2. Let o be (0/b)/(2*1). Suppose 5*k - 40 = -o*k. What are the prime factors of k?
2
Let y(m) = -34*m - 30. List the prime factors of y(-5).
2, 5, 7
Suppose y = -2*y. Let r = 15 - y. What are the prime factors of r?
3, 5
Let t = 8 - 6. Let u be t/(-9) - (-128)/9. Suppose 0 = 2*d - s - u, -3 = -3*d - 0*d - 3*s. List the prime factors of d.
5
Suppose -5*f - 3*c - 78 = -260, -4*c + 186 = 5*f. What are the prime factors of f?
2, 17
Let l = 4 - 7. Let n(g) = -g**3 - 3*g**2 + 4*g + 2. Let y be n(l). Let c(z) = -2*z - 10. What are the prime factors of c(y)?
2, 5
Suppose 2*x - 3*d = 61, -71 = x - 3*x + 5*d. What are the prime factors of x?
23
Let r be -2 + 2 - (-2 + 0). Suppose -q - 4*k = -0*q - 13, -r = q - k. Let m(l) = 7*l**2 + l - 1. What are the prime factors of m(q)?
7
Suppose -2*g - 4*f = -6*g + 16, 4*g - f - 16 = 0. Suppose -4*h + 2*c + 12 + 2 = 0, h = -g*c + 8. Suppose -18 = -7*v + h*v. What are the prime factors of v?
2, 3
Suppose 139 = 3*b + 52. What are the prime factors of b?
29
Let m = -4 - -2. Let a = 6 + m. Let b = a - -6. What are the prime factors of b?
2, 5
Let k = -3 + 5. Suppose k*g - 8 = g. What are the prime factors of g?
2
Suppose -145 - 77 = -3*m. What are the prime factors of m?
2, 37
Let z be (1 - -4)*36/(-45). Let l(u) = u**2 - u. Let t be l(z). Let a = t + -11. What are the prime factors of a?
3
Let q = -138 - -276. What are the prime factors of q/8 - 5/20?
17
Let q(c) = -7*c + 1. Let x = -7 - -6. List the prime factors of q(x).
2
Let w(k) be the second derivative of k**5/20 + k**4/4 - k**3/3 - 3*k**2/2 - 3*k. List the prime factors of w(-3).
3
Suppose -26*p = -24*p - 502. What are the prime factors of p?
251
Let g be (1/2)/(1/8). Suppose 3*x + 5*n = 0, -g*x - x = -n - 28. What are the prime factors of x?
5
Let g = -10 - -15. Suppose 2*o = 19 + g. What are the prime factors of o?
2, 3
Let u(r) = r + 6. Let d be u(-6). Let j(p) = -p**3 + p**2 + 3. What are the prime factors of j(d)?
3
Let d(v) = v**3 - 4*v**2 - 4*v + 1. Suppose 3*o - 21 + 6 = 0. Let f be d(o). List the prime factors of ((-3)/2)/((-3)/f).
3
Let g be 5 + 2*(-3)/6. Suppose -5*m + b = -0*m - 121, 0 = m + g*b - 20. Suppose 5*x + 0*h + h - 50 = 0, x + 3*h - m = 0. List the prime factors of x.
3
What are the prime factors of (-2)/(-11) + 942/22?
43
Suppose 6*y - y - 135 = 0. List the prime factors of y.
3
Let g = -1 + 3. Suppose j = 6*j + 3*d - 64, -g*j + 2*d = -32. What are the prime factors of j?
2, 7
Let i(k) = -k. Let s be i(5). Suppose -v - 2*v - 6 = 0. Let d = v - s. What are the prime factors of d?
3
Suppose -p = -6*p. What are the prime factors of (-1 + p)/(10/(-230))?
23
Suppose 0 = -7*v + 4*v + 123. What are the prime factors of v?
41
Suppose -w + 13 = a - 5*a, 2*a = 4*w - 24. Let o be (-2)/2*(5 + 1). Let j = a - o. What are the prime factors of j?
2
Let a(u) = -u + 12. Let k be a(9). Suppose -159 = k*s - 6*s. What are the prime factors of s?
53
Let u(m) = -m**2 - 6*m - 1. Let i be u(-7). List the prime factors of (-1096)/(-22) - i/44.
2, 5
Suppose 19*h - 10*h = 540. What are the prime factors of h?
2, 3, 5
What are the prime factors of (-779)/(-11) - 2/(-11)?
71
Suppose 0*m + 3*m - 9 = -3*j, j - 15 = 5*m. Let h(a) be the first derivative of -a**4/4 + 4*a**3/3 + 7*a**2/2 - 4*a + 2. What are the prime factors of h(j)?
2, 3
Suppose l = -4 + 1. Let t = 5 + l. What are the prime factors of t?
2
List the prime factors of 1/(-5) + (-1158)/(-15).
7, 11
Let f be (0 + 17)/(-5 - -6). Suppose 3*w - 4*i + 0 - f = 0, 23 = 4*w - 5*i. List the prime factors of w.
7
Let g = -14 - -5. List the prime factors of (-120)/g - 1/3.
13
Let q be 10 + (-2 - (2 + -2)). Suppose 5*u - q - 22 = 0. Let t(y) = -y**2 + 6*y + 4. List the prime factors of t(u).
2
Suppose 10*j + 40 = 12*j. What are the prime factors of j?
2, 5
Let p be (-2)/12*-4*51. Let a = 47 - p. List the prime factors of a.
13
Let w(k) = k**3 + 10*k**2 + 9*k + 12. Let m be w(-9). Let j = m + 16. What are the prime factors of j?
2, 7
List the prime factors of -2*(15/(-6) - 3).
11
Let i = 10 + -13. List the prime factors of i + 4*7 + -1.
2, 3
Let i(r) = -r**2 - 3*r + 2. Let f be i(-3). Suppose -f = 2*j - 26. What are the prime factors of (-2)/(-1) + -3 + j?
11
Let s be (-2)/4*1*6. Let d(b) = -3*b. What are the prime factors of d(s)?
3
Let j(l) = l**3 + 0*l**3 + 0*l**3 - 3*l + 5*l**2 - 2*l**2. What are the prime factors of j(2)?
2, 7
Suppose -s + 3*s + c = -62, -16 = -4*c. What are the prime factors of (39*-1)/(s/22)?
2, 13
Let k(h) = h**3 + 4*h**2 + 5. Suppose 0 = -w - 4. Let b be k(w). Suppose 5*q + 100 = b*z, -2*z - q - 2*q = -25. List the prime factors of z.
17
Let x(q) be the second derivative of q**5/20 + q**4/3 - q**3/2 + q**2 - 2*q. Let k be x(-4). Let y = k + -9. List the prime factors of y.
5
Let l be 44/(-7) - 4/(-14). List the prime factors of ((-88)/(-2))/(l/(-3)).
2, 11
Let g(x) = x**3 - 4*x**2 - 6*x + 5. Let d be g(5). Suppose d*n + 3*n - 72 = 0. List the prime factors of n.
2, 3
Suppose z - 58 = -12. What are the prime factors of z?
2, 23
Suppose -3*b + 16 + 2 = 0. Suppose -5*k - b = -2*k. What are the prime factors of (-20)/k*(-16)/(-20)?
2
Let v(s) = -9*s - 3. Let q(j) = j + 9. Let g be q(-12). Let w be -1 + g - (-2)/1. List the prime factors of v(w).
3, 5
Let t(x) be the third derivative of x**5/60 - x**4/8 - x**3/6 + 2*x**2. Suppose -6 = 3*f, q + 4 = -10*f + 5*f. List the prime factors of t(q).
17
Let a be ((-297)/22)/((-2)/(-4)). Let u = a - -56. What are the prime factors of u?
29
Let y = 2 + -3. List the prime factors of 3 - (y + (0 - 0)).
2
Let i(j) = -4*j**3 + j**2 + j + 4. Let q(t) = -3*t**3 + t**2 + 3. Let f(m) = 4*i(m) - 5*q(m). What are the prime factors of f(-3)?
7
Suppose -5 = 3*l - 4*l. List the prime factors of l.
5
Let n(d) = -105*d + 5. What are the prime factors of n(-1)?
2, 5, 11
Suppose -4*i + 71 = -4*d - 197, 270 = 4*i - 5*d. Let p = i + -29. Suppose 0 = -l + 2, p = 2*m + 2*m + 4*l. What are the prime factors of m?
7
Let n(f) = -f**3 - 2*f**2 + 3*f + 1. Let c be 4*6/(-8)*1. Let r be n(c). List the prime factors of (r*-6 - -2)/(-1).
2
Let n = 239 + 30. List the prime factors of n.
269
Suppose -4*t + 50 = 10. Suppose -d = -3*p - 6*d + 113, t = -5*d. List the prime factors of p.
41
List the prime factors of 2 + 3 - (-437 + 6).
2, 109
Let k(j) = j**3 + 8*j**2 + j + 7. Let q be k(-8). Suppose 4*p + 5*w = 49, 2*p + 5*w - 27 = -0*p. Let g = p + q. What are the prime factors of g?
2, 5
Let n(k) = -k**2 + 5*k + 7. Let a be n(6). Let d = 8 + -11. Let p = a - d. List the prime factors of p.
2
Let g(n) = n - 3. Let l be g(7). Suppose l*c - 51 = 3*d - 2*d, -d = 5*c - 57. List the prime factors of c.
2, 3
Let l be 2 - (1 - 1)/(-2). What are the prime factors of l + (-5)/((-5)/16)?
2, 3
Suppose 0 = -s - 2, -3*s + 4 = 2*j - s. Suppose -t = j*t - o - 105, 63 = 3*t + o. What are the prime factors of t?
3, 7
Let p(i) = i**3 - 7*i**2 - 8*i - 5. Let z be p(9). Let h(y) = -y + 4. Let a be h(4). Suppose z = 5*q - a*q. What are the prime factors of q?
17
Let o(v) = -20*v**3 + v**2. Let u be o(-1). Let f = 34 + -10. Suppose -u = -5*m + f. List the prime factors of m.
3
Let n = -7 + 11. Let k be 14 + (0 - (4 - 1)). Let g = n + k. List the prime factors of g.
3, 5
Let s(t) = 1 + 0*t + 3*t - 2*t. Let f(d) = 2*d + 1. Let n be f(2). What are the prime factors of s(n)?
2, 3
Let t(m) = 2*m**2 + 5*m. Let r be t(-4). Let k(v) = v**3 - 11*v**2 - 9*v - 7. What are the prime factors of k(r)?
29
Let n = 4 - 4. Suppose n*z = 3*z. Let k = 4 + z. List the prime factors of k.
2
Suppose -3*a - 12 = 0, -2*q - 3*a = -5*q + 48. Suppose 0*g + q = g. Suppose 0 = -x + g - 0. What are the prime factors of x?
2, 3
Suppose -2*s = -3*d - 127, -95 = -s - 5*d - 12. Suppose 0*v = -3*k + v + 51, s = 4*k + v. List the prime factors of (9 - 12) + (k - -1).
3, 5
Suppose 1360 = 9*c - c. What are the prime factors of c?
2, 5, 17
Suppose -8*r - 4*r = -1236. What are the prime factors of r?
103
Let u be (-3 + 2)/(2/(-18)). Let i(p) = p**2 - 9*p + 6. What are the prime factors of i(u)?
2, 3
Suppose 2*w = 60 + 22. List the prime factors of